{"id":51,"date":"2008-08-26T20:54:34","date_gmt":"2008-08-26T18:54:34","guid":{"rendered":"https:\/\/lorrikeet.radtke-archiv.de\/?page_id=51"},"modified":"2020-06-16T00:08:51","modified_gmt":"2020-06-15T22:08:51","slug":"hinweise","status":"publish","type":"page","link":"https:\/\/lorrikeet.de\/?page_id=51","title":{"rendered":"Hinweise"},"content":{"rendered":"<h2>Wer wir sind<\/h2>\n<p><em>Die Adresse unserer Website ist: https:\/\/lorrikeet.de. Dies ist eine Homepage nur zu privaten Zwecken<\/em>. <em>Wir verfolgen mit dieser Homepage keinerlei kommerzielle Interessen. Wenn wir kommerzielle Produkte erw\u00e4hnen, so tun wir das, weil sie uns pers\u00f6nlich interessieren. Wir erhalten daf\u00fcr kein Geld oder anderweitige Verg\u00fctungen. Alle Beitr\u00e4ge sind unsere pers\u00f6nliche Meinung, sie erheben keinen Anspruch auf Vollst\u00e4ndigkeit oder Richtigkeit.<\/em><\/p>\n<h2>Verkn\u00fcpfungen zu anderen Webseiten<\/h2>\n<p><em>Wir haben auf verschiedenen Seiten dieser Homepage Links zu anderen (externen) Seiten im Internet gelegt.<\/em> <em>Diese Seiten unterliegen der Haftung der jeweiligen Betreiber.<\/em> <em>Wir\u00a0 haben bei der erstmaligen Verkn\u00fcpfung der externen Links die fremden Inhalte daraufhin \u00fcberpr\u00fcft, ob f\u00fcr uns erkennbare Rechtsverst\u00f6\u00dfe bestehen.<\/em> <em>Zu dem Zeitpunkt war dies nicht ersichtlich.<\/em> <em>Wir haben keinen Einfluss auf die aktuelle und zuk\u00fcnftige Gestaltung und auf die Inhalte der verkn\u00fcpften Seiten.<\/em> <em>Das Setzen von externen Links bedeutet nicht, dass wir uns die hinter dem Verweis oder Link liegenden Inhalte zu Eigen machen.<\/em> <em>Eine st\u00e4ndige Kontrolle der externen Links ist uns ohne konkrete Hinweise auf Rechtsverst\u00f6\u00dfe nicht zumutbar. Sollten uns Rechtsverst\u00f6\u00dfe\u00a0 zur Kenntnis gelangen werden wir jedoch derartige externe Links unverz\u00fcglich l\u00f6schen.<\/em><\/p>\n<p><em>Wir haben Verkn\u00fcpfungen zu Seekarten bei Openseamap auf unserer Seite. Wir weisen darauf hin, dass diese Karten keine amtlichen Seekarten ersetzen. Sie enthalten zudem keine Tiefenangaben und sind zudem weder vollst\u00e4ndig noch fehlerfrei. Sie dienen nur zur Information, nicht zur Navigation auf See!<\/em><\/p>\n<h2>Datenschutz<\/h2>\n<div>\n<h3>Server-Log Files<\/h3>\n<p><em>Unser Provider erhebt und speichert automatisch Informationen in so genannten Server-Log Files, die Ihr Browser automatisch an uns \u00fcbermittelt. Dies sind:<\/em><\/p>\n<ul>\n<li><em>Browsertyp und Browserversion<\/em><\/li>\n<li><em>verwendetes Betriebssystem<\/em><\/li>\n<li><em>Referrer URL<\/em><\/li>\n<li><em>Hostname des zugreifenden Rechners<\/em><\/li>\n<li><em>Uhrzeit der Serveranfrage<\/em><\/li>\n<\/ul>\n<p><em>Diese Daten sind nicht bestimmten Personen zuordnenbar. Eine Zusammenf\u00fchrung dieser Daten mit anderen Datenquellen wird nicht vorgenommen. Wir behalten uns vor, diese Daten nachtr\u00e4glich zu pr\u00fcfen, wenn uns konkrete Anhaltspunkte f\u00fcr eine rechtswidrige Nutzung bekannt werden.<\/em><\/p>\n<p><em>Unser Provider stellt uns statistische Auswertungen dieser Daten zur Verf\u00fcgung. Ein R\u00fcckschluss auf das Verhalten eines einzelnen Besuchers ist uns dar\u00fcber nicht m\u00f6glich. Eine Weitergabe an Dritte durch uns findet nicht statt.<\/em><\/p>\n<h3>Kommentare<\/h3>\n<p><em>Wenn Besucher Kommentare auf der Website schreiben, sammeln wir die Daten, die im Kommentar-Formular angezeigt werden, au\u00dferdem die IP-Adresse des Besuchers und den User-Agent-String (damit wird der Browser identifiziert), um die Erkennung von Spam zu unterst\u00fctzen.<\/em><\/p>\n<p><em>Aus deiner E-Mail-Adresse kann eine anonymisierte Zeichenfolge erstellt (auch Hash genannt) und dem Gravatar-Dienst \u00fcbergeben werden, um zu pr\u00fcfen, ob du diesen benutzt. Die Datenschutzerkl\u00e4rung des Gravatar-Dienstes findest du hier: <a href=\"https:\/\/automattic.com\/privacy\/\">https:\/\/automattic.com\/privacy\/<\/a>. Nachdem dein Kommentar freigegeben wurde, ist dein Profilbild \u00f6ffentlich im Kontext deines Kommentars sichtbar.<\/em><\/p>\n<\/div>\n<h3>Cookies<\/h3>\n<div>\n<p><em>Wenn du einen Kommentar auf unserer Website schreibst, kann das eine Einwilligung sein, deinen Namen, E-Mail-Adresse und Website in Cookies zu speichern. Dies ist eine Komfortfunktion, damit du nicht, wenn du einen weiteren Kommentar schreibst, all diese Daten erneut eingeben musst. Diese Cookies werden ein Jahr lang gespeichert.<\/em><\/p>\n<p><em>Falls du ein Konto hast und dich auf dieser Website anmeldest, werden wir ein tempor\u00e4res Cookie setzen, um festzustellen, ob dein Browser Cookies akzeptiert. Dieses Cookie enth\u00e4lt keine personenbezogenen Daten und wird verworfen, wenn du deinen Browser schlie\u00dft.<\/em><\/p>\n<p><em>Wenn du dich anmeldest, werden wir einige Cookies einrichten, um deine Anmeldeinformationen und Anzeigeoptionen zu speichern. Anmelde-Cookies verfallen nach zwei Tagen und Cookies f\u00fcr die Anzeigeoptionen nach einem Jahr. Falls du bei der Anmeldung \u201eAngemeldet bleiben\u201c ausw\u00e4hlst, wird deine Anmeldung zwei Wochen lang aufrechterhalten. Mit der Abmeldung aus deinem Konto werden die Anmelde-Cookies gel\u00f6scht.<\/em><\/p>\n<p><em>Wenn du einen Artikel bearbeitest oder ver\u00f6ffentlichst, wird ein zus\u00e4tzlicher Cookie in deinem Browser gespeichert. Dieser Cookie enth\u00e4lt keine personenbezogenen Daten und verweist nur auf die Beitrags-ID des Artikels, den du gerade bearbeitet hast. Der Cookie verf\u00e4llt nach einem Tag.<\/em><\/p>\n<h3>Eingebettete Inhalte<\/h3>\n<\/div>\n<p><em>Beitr\u00e4ge auf dieser Website k\u00f6nnen eingebettete Inhalte beinhalten (z.\u00a0B. Videos, Bilder, Beitr\u00e4ge etc.). Eingebettete Inhalte von anderen Websites verhalten sich exakt so, als ob der Besucher die andere Website besucht h\u00e4tte.<\/em><\/p>\n<p><em>Diese Websites k\u00f6nnen Daten \u00fcber dich sammeln, Cookies benutzen, zus\u00e4tzliche Tracking-Dienste von Dritten einbetten und deine Interaktion mit diesem eingebetteten Inhalt aufzeichnen, inklusive deiner Interaktion mit dem eingebetteten Inhalt, falls du ein Konto hast und auf dieser Website angemeldet bist.<\/em><\/p>\n<h3>Rechte an Deinen Daten<\/h3>\n<p><em> Wenn du ein Konto auf dieser Website besitzt oder Kommentare geschrieben hast, kannst du einen Export deiner personenbezogenen Daten bei uns anfordern, inklusive aller Daten, die du uns mitgeteilt hast. Dar\u00fcber hinaus kannst du die L\u00f6schung aller personenbezogenen Daten, die wir von dir gespeichert haben, anfordern. Dies umfasst nicht die Daten, die wir aufgrund administrativer, rechtlicher oder sicherheitsrelevanter Notwendigkeiten aufbewahren m\u00fcssen.<\/em><\/p>\n<h3>Verwendung unserer Daten<\/h3>\n<p><em>Die Verwendung unserer Kontaktdaten zur gewerblichen Werbung ist von uns ausdr\u00fccklich nicht erw\u00fcnscht. Wir widersprechen hiermit jeder kommerziellen Verwendung und Weitergabe unserer Daten.<\/em><\/p>\n<h3>Kontaktm\u00f6glichkeit<\/h3>\n<p><em>Kontaktinformationen sind im Reiter \u201eKontakt\u201c angegeben.<\/em><\/p>\n<h2>Copyright<\/h2>\n<p><em> Das Urheberrecht an den Inhalten dieser Webseite liegt bei Klaus Rathjen und Petra Hildebrandt, sofern nicht anders gekennzeichnet.<br \/>\nThe copyright of all contents on this webpage belongs to Klaus Rathjen and Petra Hildebrandt, unless stated otherwise.<\/em><\/p>\n","protected":false},"excerpt":{"rendered":"<p>Wer wir sind Die Adresse unserer Website ist: https:\/\/lorrikeet.de. Dies ist eine Homepage nur zu privaten Zwecken. Wir verfolgen mit dieser Homepage keinerlei kommerzielle Interessen. Wenn wir kommerzielle Produkte erw\u00e4hnen, so tun wir das, weil sie uns pers\u00f6nlich interessieren. Wir &hellip; <a href=\"https:\/\/lorrikeet.de\/?page_id=51\">Weiterlesen <span class=\"meta-nav\">&rarr;<\/span><\/a><\/p>\n","protected":false},"author":2,"featured_media":0,"parent":0,"menu_order":0,"comment_status":"open","ping_status":"closed","template":"","meta":{"footnotes":""},"class_list":["post-51","page","type-page","status-publish","hentry"],"_links":{"self":[{"href":"https:\/\/lorrikeet.de\/index.php?rest_route=\/wp\/v2\/pages\/51","targetHints":{"allow":["GET"]}}],"collection":[{"href":"https:\/\/lorrikeet.de\/index.php?rest_route=\/wp\/v2\/pages"}],"about":[{"href":"https:\/\/lorrikeet.de\/index.php?rest_route=\/wp\/v2\/types\/page"}],"author":[{"embeddable":true,"href":"https:\/\/lorrikeet.de\/index.php?rest_route=\/wp\/v2\/users\/2"}],"replies":[{"embeddable":true,"href":"https:\/\/lorrikeet.de\/index.php?rest_route=%2Fwp%2Fv2%2Fcomments&post=51"}],"version-history":[{"count":8,"href":"https:\/\/lorrikeet.de\/index.php?rest_route=\/wp\/v2\/pages\/51\/revisions"}],"predecessor-version":[{"id":4356,"href":"https:\/\/lorrikeet.de\/index.php?rest_route=\/wp\/v2\/pages\/51\/revisions\/4356"}],"wp:attachment":[{"href":"https:\/\/lorrikeet.de\/index.php?rest_route=%2Fwp%2Fv2%2Fmedia&parent=51"}],"curies":[{"name":"wp","href":"https:\/\/api.w.org\/{rel}","templated":true}]}}