{"id":14,"date":"2008-08-21T22:22:26","date_gmt":"2008-08-21T20:22:26","guid":{"rendered":"https:\/\/lorrikeet.radtke-archiv.de\/?page_id=14"},"modified":"2021-02-28T15:51:51","modified_gmt":"2021-02-28T14:51:51","slug":"der-name","status":"publish","type":"page","link":"https:\/\/lorrikeet.de\/?page_id=14","title":{"rendered":"Der Name"},"content":{"rendered":"<p>Vor ein paar Jahren waren wir an der australischen Ostk\u00fcste. Dort faszinierten uns kleine bunte Papageienv\u00f6gel, die flink und wendig waren und einen sehr pfiffigen Eindruck machten. Sie hei\u00dfen Lorikeets.<\/p>\n<p>Diese V\u00f6gel fielen uns wieder ein, als wir \u00fcber einen Namen f\u00fcr ein zuk\u00fcnftiges Schiff nachdachten: Flink, wendig, pfiffig &#8211; dies sind auch gute Eigenschaften f\u00fcr ein Schiff.<\/p>\n<p>Damit der Name noch etwas sch\u00f6ner aussieht, haben wir ein R mehr spendiert &#8211; et voil\u00e0:<\/p>\n<p style=\"text-align: center;\"><span style=\"color: #0000ff;\"><em> <strong><span style=\"color: #ff6600;\">L<\/span>O<span style=\"color: #ffff00;\">R<\/span><span style=\"color: #00ff00;\">RI<\/span><span style=\"color: #ff0000;\">KE<\/span>E<span style=\"color: #ff6600;\">T<\/span><\/strong><\/em><\/span><\/p>\n<div id=\"attachment_147\" style=\"width: 310px\" class=\"wp-caption alignleft\"><a href=\"https:\/\/lorrikeet.de\/wp-content\/uploads\/2008\/08\/Lorrikeet3.jpg\" data-lbwps-width=\"800\" data-lbwps-height=\"800\" data-lbwps-srcsmall=\"https:\/\/lorrikeet.de\/wp-content\/uploads\/2008\/08\/Lorrikeet3-300x300.jpg\"><img decoding=\"async\" aria-describedby=\"caption-attachment-147\" class=\"size-medium wp-image-147  \" title=\"Ein P\u00e4rchen Allfarbloris im Lorihaus des Zoo Hannovers\" src=\"https:\/\/lorrikeet.de\/wp-content\/uploads\/2008\/08\/Lorrikeet3-300x300.jpg\" alt=\"\" width=\"300\" height=\"300\" srcset=\"https:\/\/lorrikeet.de\/wp-content\/uploads\/2008\/08\/Lorrikeet3-300x300.jpg 300w, https:\/\/lorrikeet.de\/wp-content\/uploads\/2008\/08\/Lorrikeet3-150x150.jpg 150w, https:\/\/lorrikeet.de\/wp-content\/uploads\/2008\/08\/Lorrikeet3-768x768.jpg 768w, https:\/\/lorrikeet.de\/wp-content\/uploads\/2008\/08\/Lorrikeet3.jpg 800w\" sizes=\"(max-width: 300px) 100vw, 300px\" \/><\/a><p id=\"caption-attachment-147\" class=\"wp-caption-text\">Ein P\u00e4rchen Allfarbloris im Lorihaus des Zoo Hannovers<\/p><\/div>\n<p>&nbsp;<\/p>\n<p><span style=\"color: #ff00ff;\"><strong><br \/>\n<\/strong><\/span><\/p>\n<div id=\"attachment_145\" style=\"width: 310px\" class=\"wp-caption alignleft\"><a href=\"https:\/\/lorrikeet.de\/wp-content\/uploads\/2008\/08\/Lorrikeet2.jpg\" data-lbwps-width=\"800\" data-lbwps-height=\"532\" data-lbwps-srcsmall=\"https:\/\/lorrikeet.de\/wp-content\/uploads\/2008\/08\/Lorrikeet2-300x200.jpg\"><img decoding=\"async\" aria-describedby=\"caption-attachment-145\" class=\"size-medium wp-image-145\" title=\"Allfarbloris bei der F\u00fctterung im Lorihaus des Zoo Hannover\" src=\"https:\/\/lorrikeet.de\/wp-content\/uploads\/2008\/08\/Lorrikeet2-300x199.jpg\" alt=\"\" width=\"300\" height=\"199\" srcset=\"https:\/\/lorrikeet.de\/wp-content\/uploads\/2008\/08\/Lorrikeet2-300x199.jpg 300w, https:\/\/lorrikeet.de\/wp-content\/uploads\/2008\/08\/Lorrikeet2-768x511.jpg 768w, https:\/\/lorrikeet.de\/wp-content\/uploads\/2008\/08\/Lorrikeet2.jpg 800w\" sizes=\"(max-width: 300px) 100vw, 300px\" \/><\/a><p id=\"caption-attachment-145\" class=\"wp-caption-text\">Allfarbloris bei der F\u00fctterung im Lorihaus des Zoo Hannover<\/p><\/div>\n<p>&nbsp;<\/p>\n<p><span style=\"color: #ff00ff;\"><strong><br \/>\n<\/strong><\/span><\/p>\n<div id=\"attachment_140\" style=\"width: 235px\" class=\"wp-caption alignright\"><a href=\"https:\/\/lorrikeet.de\/wp-content\/uploads\/2008\/08\/Lorrikeet1.jpg\" data-lbwps-width=\"300\" data-lbwps-height=\"400\" data-lbwps-srcsmall=\"https:\/\/lorrikeet.de\/wp-content\/uploads\/2008\/08\/Lorrikeet1-225x300.jpg\"><img decoding=\"async\" aria-describedby=\"caption-attachment-140\" class=\"size-medium wp-image-140\" title=\"Ein Allfarblori auf der Hand eines Zoobesuchers im Lorihaus\" src=\"https:\/\/lorrikeet.de\/wp-content\/uploads\/2008\/08\/Lorrikeet1-225x300.jpg\" alt=\"\" width=\"225\" height=\"300\" srcset=\"https:\/\/lorrikeet.de\/wp-content\/uploads\/2008\/08\/Lorrikeet1-225x300.jpg 225w, https:\/\/lorrikeet.de\/wp-content\/uploads\/2008\/08\/Lorrikeet1.jpg 300w\" sizes=\"(max-width: 225px) 100vw, 225px\" \/><\/a><p id=\"caption-attachment-140\" class=\"wp-caption-text\">Ein Allfarblori auf der Hand eines Zoobesuchers im Lorihaus<\/p><\/div>\n<p><span style=\"color: #ff00ff;\"><strong><br \/>\n<\/strong><\/span><\/p>\n<p>Den Vogel im Kopf unserer Homepage haben wir einem Foto entnommen, welches im Jahr 2009 von Julian Robinson in Australien aufgenommen wurde. Dieses ist im Original bei <a href=\"https:\/\/www.flickr.com\/photos\/ozjulian\/3224868366\/in\/album-72057594048470618\/\">Flickr <\/a>zu finden.<\/p>\n","protected":false},"excerpt":{"rendered":"<p>Vor ein paar Jahren waren wir an der australischen Ostk\u00fcste. Dort faszinierten uns kleine bunte Papageienv\u00f6gel, die flink und wendig waren und einen sehr pfiffigen Eindruck machten. Sie hei\u00dfen Lorikeets. Diese V\u00f6gel fielen uns wieder ein, als wir \u00fcber einen &hellip; <a href=\"https:\/\/lorrikeet.de\/?page_id=14\">Weiterlesen <span class=\"meta-nav\">&rarr;<\/span><\/a><\/p>\n","protected":false},"author":2,"featured_media":0,"parent":0,"menu_order":0,"comment_status":"open","ping_status":"closed","template":"","meta":{"footnotes":""},"class_list":["post-14","page","type-page","status-publish","hentry"],"_links":{"self":[{"href":"https:\/\/lorrikeet.de\/index.php?rest_route=\/wp\/v2\/pages\/14","targetHints":{"allow":["GET"]}}],"collection":[{"href":"https:\/\/lorrikeet.de\/index.php?rest_route=\/wp\/v2\/pages"}],"about":[{"href":"https:\/\/lorrikeet.de\/index.php?rest_route=\/wp\/v2\/types\/page"}],"author":[{"embeddable":true,"href":"https:\/\/lorrikeet.de\/index.php?rest_route=\/wp\/v2\/users\/2"}],"replies":[{"embeddable":true,"href":"https:\/\/lorrikeet.de\/index.php?rest_route=%2Fwp%2Fv2%2Fcomments&post=14"}],"version-history":[{"count":18,"href":"https:\/\/lorrikeet.de\/index.php?rest_route=\/wp\/v2\/pages\/14\/revisions"}],"predecessor-version":[{"id":4784,"href":"https:\/\/lorrikeet.de\/index.php?rest_route=\/wp\/v2\/pages\/14\/revisions\/4784"}],"wp:attachment":[{"href":"https:\/\/lorrikeet.de\/index.php?rest_route=%2Fwp%2Fv2%2Fmedia&parent=14"}],"curies":[{"name":"wp","href":"https:\/\/api.w.org\/{rel}","templated":true}]}}